{"id":1341,"date":"2021-06-01T17:07:42","date_gmt":"2021-06-01T20:07:42","guid":{"rendered":"https:\/\/tecno.com.uy\/?post_type=product&#038;p=1341"},"modified":"2021-06-01T17:07:42","modified_gmt":"2021-06-01T20:07:42","slug":"monitor-lenovo-s22e-19-215-fhd-vgahdmi","status":"publish","type":"product","link":"https:\/\/tecno.com.uy\/?product=monitor-lenovo-s22e-19-215-fhd-vgahdmi","title":{"rendered":"MONITOR LENOVO S22E-19 21,5&#8243; FHD VGA+HDMI"},"content":{"rendered":"<p>**INCLUYE: cable 3 en l\u00ednea, cable HDMI y VGA**<\/p>\n<p>ESPECIFICACIONES:<br \/>\n&#8211; 21,5&#8243; FHD (1920X1080) VA, sin borde<br \/>\n&#8211; Conexi\u00f3n: VGA, HDMI<br \/>\n&#8211; INCLUYE: cable 3 en l\u00ednea, cable HDMI y VGA<br \/>\n&#8211; Brillo: 250 cd\/m2<br \/>\n&#8211; Aspect Ratio 16:9<br \/>\n&#8211; Contrast Ratio 3000:1<br \/>\n&#8211; Tiempo de respuesta:4 ms (extreme mode)<br \/>\n&#8211; Angulo de visi\u00f3n 178\u00b0\/178\u00b0<br \/>\n&#8211; Salida de Audio: Yes (3.5 mm)<br \/>\n&#8211; VESA 100&#215;100<br \/>\n&#8211; Otros: administrador de cables, T\u00dcV Low Blue Light certification para evitar la fatiga ocular, armado tool-less<br \/>\n&#8211; Garant\u00eda Oficial Lenovo: 3 a\u00f1os carry in<\/p>\n","protected":false},"excerpt":{"rendered":"<p>**INCLUYE: cable 3 en l\u00ednea, cable HDMI y VGA** ESPECIFICACIONES: &#8211; 21,5&#8243; FHD (1920X1080) VA, sin borde &#8211; Conexi\u00f3n: VGA, HDMI &#8211; INCLUYE: cable 3 en l\u00ednea, cable HDMI y VGA &#8211; Brillo: 250 cd\/m2 &#8211; Aspect Ratio 16:9 &#8211; Contrast Ratio 3000:1 &#8211; Tiempo de respuesta:4 ms (extreme mode) &#8211; Angulo de visi\u00f3n 178\u00b0\/178\u00b0 [&hellip;]<\/p>\n","protected":false},"featured_media":1342,"template":"","meta":[],"class_list":{"0":"post-1341","1":"product","2":"type-product","3":"status-publish","4":"has-post-thumbnail","6":"product_cat-computacion","8":"first","9":"instock","10":"shipping-taxable","11":"purchasable","12":"product-type-simple"},"_links":{"self":[{"href":"https:\/\/tecno.com.uy\/index.php?rest_route=\/wp\/v2\/product\/1341","targetHints":{"allow":["GET"]}}],"collection":[{"href":"https:\/\/tecno.com.uy\/index.php?rest_route=\/wp\/v2\/product"}],"about":[{"href":"https:\/\/tecno.com.uy\/index.php?rest_route=\/wp\/v2\/types\/product"}],"wp:featuredmedia":[{"embeddable":true,"href":"https:\/\/tecno.com.uy\/index.php?rest_route=\/wp\/v2\/media\/1342"}],"wp:attachment":[{"href":"https:\/\/tecno.com.uy\/index.php?rest_route=%2Fwp%2Fv2%2Fmedia&parent=1341"}],"curies":[{"name":"wp","href":"https:\/\/api.w.org\/{rel}","templated":true}]}}